{"id":392,"date":"2021-08-18T21:02:13","date_gmt":"2021-08-18T21:02:13","guid":{"rendered":"https:\/\/makerspace-reinach.ch\/?page_id=392"},"modified":"2025-11-09T15:15:37","modified_gmt":"2025-11-09T15:15:37","slug":"werkstatt-abmachungen","status":"publish","type":"page","link":"https:\/\/makerspace-reinach.ch\/index.php\/werkstatt-abmachungen\/","title":{"rendered":"Werkstatt Abmachungen"},"content":{"rendered":"\n<h2 class=\"wp-block-heading\">Werkstatt Zugang<\/h2>\n\n\n\n<ul class=\"wp-block-list\">\n<li>Minderj\u00e4hrige d\u00fcrfen die Werkstatt nur unter Aufsicht von Erwachsenen betreten oder benutzen.<\/li>\n\n\n\n<li>Die Werkstatt kann f\u00fcr Veranstaltungen, Workshops oder gr\u00f6ssere Projekte genutzt werden, dies ist jedoch m\u00f6glichst fr\u00fchzeitig im Kalender einzutragen, jedoch hat der normale Makerspace Treff Vorrang.<\/li>\n\n\n\n<li>Unser Fokus sind einzelne Prototypen und Projekte. F\u00fcr Massenproduktionen ist der Makerspace nicht vorgesehen und es sollten nicht Maschinen \u00fcber l\u00e4ngere Zeit komplett belegt werden.<\/li>\n<\/ul>\n\n\n\n<h2 class=\"wp-block-heading\">Sicherheit<\/h2>\n\n\n\n<ul class=\"wp-block-list\">\n<li>Die Maschinen der Werkstatt sind gef\u00e4hrlich und k\u00f6nnen schwere Verletzungen verursachen.<\/li>\n\n\n\n<li>Beim Bohren von spr\u00f6den und splittergef\u00e4hrdeten Materialien Schutzbrille aufsetzen<\/li>\n\n\n\n<li>Wenn erforderlich (kleines Werkst\u00fcck oder grosser Bohrer), Werkst\u00fcck gegen Verdrehen sichern<\/li>\n\n\n\n<li>Standbohrmaschine: Grunds\u00e4tzlich Maschinenschraubstock verwenden<\/li>\n\n\n\n<li>Lange Haare mit festsitzender Kopfbedeckung (Haarnetz, M\u00fctze oder Kopftuch) sichern!<\/li>\n\n\n\n<li>Weder Handschuhe, lose Kleidung (z. B. Kittel, Schurzen, Schals, Krawatten, Halst\u00fccher, . . . ) noch Schmuck (Ringe, Armb\u00e4nder, Uhren, Ketten u. \u00e4.) tragen.<\/li>\n\n\n\n<li>Die einzelnen Maschinen d\u00fcrfen nur durch ein instruiertes Mitglied genutzt werden.<\/li>\n\n\n\n<li>Nicht instruierte Mitglieder d\u00fcrfen die Maschine nur zusammen mit einem instruierten Mitglied nutzen, welches die Verantwortung f\u00fcr die sachgem\u00e4sse Nutzung tr\u00e4gt.<\/li>\n\n\n\n<li>Personen, welche unter Einfluss von bewusstseinsver\u00e4ndernden Substanzen stehen (wie zum Beispiel Alkohol), kann der Aufenthalt oder Zutritt zu den Vereinsr\u00e4umen verweigert werden. Im Umfeld und bei der Bedienung der Maschinen gilt eine Nulltoleranz.<\/li>\n\n\n\n<li>Jede Person ist selber f\u00fcr seine pers\u00f6nliche Sicherheit und seine Versicherungen verantwortlich.<\/li>\n<\/ul>\n\n\n\n<h2 class=\"wp-block-heading\">Sauberkeit &amp; Ordnung<\/h2>\n\n\n\n<ul class=\"wp-block-list\">\n<li>Esswaren und offene Getr\u00e4nke stellen eine Gefahr f\u00fcr die Maschine, Werkzeuge und die Materialien dar und sind aus deren unmittelbarer Umgebung fern zu halten.<\/li>\n\n\n\n<li>Beim L\u00f6ten nicht essen, trinken, schminken oder \u00e4hnliches. Danach H\u00e4nde waschen. (Flussmittel)<\/li>\n\n\n\n<li>Der Arbeitsplatz m\u00f6glichst w\u00e4hrend dem Arbeiten sauber und ordentlich halten. Mindestens nach der Arbeit komplett reinigen.<\/li>\n\n\n\n<li>Werkzeug und Material nach der Verwendung wieder an den daf\u00fcr vorgesehen Platz zur\u00fcckstellen.<\/li>\n\n\n\n<li>Werkzeug und Maschinen mit der n\u00f6tigen Vorsicht einsetzen, damit sie m\u00f6glichst langlebig sind.<\/li>\n\n\n\n<li>Werkzeug oder Maschinen welche bei der Benutzung abgenutzt oder einen Defekt aufweisen bitte mit einem Zettel markieren und allen Vereinsmitgliedern unmittelbar mitteilen. Danach den Ersatz oder die Reparatur organisieren.<\/li>\n\n\n\n<li>Falls das Projekt an dem Abend noch nicht fertig ist, das Projekt anschreiben und nach M\u00f6glichkeit den Arbeitsplatz bzw. die Maschine freigeben.<\/li>\n\n\n\n<li>Alles Defekte gleich beim Betreuer melden oder in die vorgesehene Ablage legen.<\/li>\n\n\n\n<li>Defektes wird fachkundig repariert oder weggeworfen.<\/li>\n\n\n\n<li>Ordnung halten! Dreck und Reste wegwerfen.<\/li>\n\n\n\n<li>Herumliegende unbeschriftete Sachen werden entsorgt oder als Spende verwertet.<\/li>\n<\/ul>\n\n\n\n<h2 class=\"wp-block-heading\">Umweltschutz &amp; Entsorgung<\/h2>\n\n\n\n<ul class=\"wp-block-list\">\n<li>Ger\u00e4te nach M\u00f6glichkeit nicht unn\u00f6tig oder un\u00fcberlegt \u00fcber Nacht laufen lassen.<\/li>\n\n\n\n<li>Alle nicht mehr zu benutzenden Materialien m\u00fcssen dem Recycling Kreislauf zugef\u00fchrt oder fachgerecht entsorgt werden.<\/li>\n\n\n\n<li>Ger\u00e4te die entsorgt werden immer Netzstecker mit Zange abschneiden, oder Kabel entfernen.<\/li>\n<\/ul>\n\n\n\n<h2 class=\"wp-block-heading\">Verwendungsverbote<\/h2>\n\n\n\n<ul class=\"wp-block-list\">\n<li>Arbeiten wie Schweissen, Trennschneiden und Trennschleifen (Flexen) sind im Makerspace nicht m\u00f6glich und deshalb untersagt.<\/li>\n\n\n\n<li>Asbest (Hitzed\u00e4mmung in Elektroger\u00e4ten vor 1993, z. B. Toaster und Haartrockner)<\/li>\n\n\n\n<li>Bildr\u00f6hren<\/li>\n\n\n\n<li>Selber gebaute Dinge an Netzspannung ohne vorherige Elektropr\u00fcfung (Tipp: Stattdessen ein k\u00e4ufliches Netzteil verwenden.<\/li>\n\n\n\n<li>Es d\u00fcrfen nur nach Absprache Fl\u00fcssigkeiten vermischt oder mit anderen Stoffen kombiniert werden. Verz\u00f6gerte explosions- und Brandgefahr.<\/li>\n<\/ul>\n\n\n\n<h2 class=\"wp-block-heading\"><strong>Systemzugang<\/strong><\/h2>\n\n\n\n<ul class=\"wp-block-list\">\n<li>F\u00fcr alle Systeme im Makerspace oder im Internet welche f\u00fcr die Nutzung der Mitglieder gedacht sind m\u00fcssen die Login Informationen in der zentralen Passwort Management Datei hinterlegt und aktuell gehalten werden.<\/li>\n<\/ul>\n\n\n\n<h2 class=\"wp-block-heading\"><strong>Materialbezug<\/strong><\/h2>\n\n\n\n<ul class=\"wp-block-list\">\n<li>Wenn du Material vom Makerspace f\u00fcr eigene Projekte verwendest bitte pr\u00fcfe ob es sich um Gratis Material handelt oder ob es sich um Material handelt, welches vom Makerspace angeboten wird. F\u00fcr letzteres bitte den angeschriebene Betrag direkt beim Bezug zu \u00fcberweisen.<\/li>\n<\/ul>\n\n\n\n<h2 class=\"wp-block-heading\">Maschinenstunden<\/h2>\n\n\n\n<ul class=\"wp-block-list\">\n<li>Die Anschaffung und der Unterhalt einiger Maschinen intensiv. Daher musst Du bei der Benutzung spezieller Maschinen etwas bezahlten. Die Preise f\u00fcr die Nutzung sind bei der Maschine angeschrieben oder auf unserer Homepage ersichtlich. F\u00fcr einige Maschinen bieten wir preiswerte Pakete an. Die Maschinenzeit ist bei der Nutzung von deinem Paket abzuziehen oder der entsprechende Betrag ist sofort dem Makerspace zu \u00fcberweisen.<\/li>\n<\/ul>\n\n\n\n<h2 class=\"wp-block-heading\"><strong><strong>Inventar<\/strong><\/strong><\/h2>\n\n\n\n<ul class=\"wp-block-list\">\n<li>Der Makerspace hat eine gute Versicherung. Alle unsere Ger\u00e4te und Maschinen sind versichert. Jedoch m\u00fcssen wir unser Inventar so gut als m\u00f6glich aktuell halten. Jedes Mitglied soll aktiv mithelfen das Inventar aktuell zu halten.<\/li>\n<\/ul>\n\n\n\n<h2 class=\"wp-block-heading\">Respekt<\/h2>\n\n\n\n<ul class=\"wp-block-list\">\n<li>Der Umgang miteinander soll respektvoll sein. Diskriminierendes Verhalten in Bemerkungen, Spr\u00fcche oder Witze haben keinen Platz im Makerspace.<\/li>\n\n\n\n<li>Bei Meinungsverschiedenheiten den Dialog suchen und die Argumente der anderen Person anh\u00f6ren.<\/li>\n\n\n\n<li>Das Eigentum anderer achten. F\u00fcr Material oder Werkzeug welches explizit als privat markiert ist soll vorher um Erlaubnis gebeten werden.<\/li>\n<\/ul>\n\n\n\n<h2 class=\"wp-block-heading\">Projekte &amp; Spass<\/h2>\n\n\n\n<ul class=\"wp-block-list\">\n<li>Mach Bilder von Deinem Projekt am besten auch w\u00e4hrend der Entstehung. Stell die Bilder auf unserer Website oder den sozialen Medien allen zu Verf\u00fcgung.<\/li>\n<\/ul>\n\n\n\n<h2 class=\"wp-block-heading\">Freude<\/h2>\n\n\n\n<ul class=\"wp-block-list\">\n<li>Erfreue Dich \u00fcber ein gelungenes Projekt, falls das Projekt missraten ist, freue Dich \u00fcber das was Du dabei gelernt hast \ud83d\ude42<\/li>\n<\/ul>\n\n\n\n<p>Stand 8.4.2022<\/p>\n","protected":false},"excerpt":{"rendered":"<p>Werkstatt Zugang Sicherheit Sauberkeit &amp; Ordnung Umweltschutz &amp; Entsorgung Verwendungsverbote Systemzugang Materialbezug Maschinenstunden Inventar Respekt Projekte &amp; Spass Freude Stand 8.4.2022<\/p>\n","protected":false},"author":1,"featured_media":0,"parent":0,"menu_order":0,"comment_status":"closed","ping_status":"closed","template":"","meta":{"footnotes":""},"class_list":["post-392","page","type-page","status-publish","hentry"],"yoast_head":"<!-- This site is optimized with the Yoast SEO plugin v27.4 - https:\/\/yoast.com\/product\/yoast-seo-wordpress\/ -->\n<title>Werkstatt Abmachungen - Makerspace Reinach BL<\/title>\n<meta name=\"robots\" content=\"index, follow, max-snippet:-1, max-image-preview:large, max-video-preview:-1\" \/>\n<link rel=\"canonical\" href=\"https:\/\/makerspace-reinach.ch\/index.php\/werkstatt-abmachungen\/\" \/>\n<meta property=\"og:locale\" content=\"de_DE\" \/>\n<meta property=\"og:type\" content=\"article\" \/>\n<meta property=\"og:title\" content=\"Werkstatt Abmachungen - Makerspace Reinach BL\" \/>\n<meta property=\"og:description\" content=\"Werkstatt Zugang Sicherheit Sauberkeit &amp; Ordnung Umweltschutz &amp; Entsorgung Verwendungsverbote Systemzugang Materialbezug Maschinenstunden Inventar Respekt Projekte &amp; Spass Freude Stand 8.4.2022\" \/>\n<meta property=\"og:url\" content=\"https:\/\/makerspace-reinach.ch\/index.php\/werkstatt-abmachungen\/\" \/>\n<meta property=\"og:site_name\" content=\"Makerspace Reinach BL\" \/>\n<meta property=\"article:modified_time\" content=\"2025-11-09T15:15:37+00:00\" \/>\n<meta name=\"twitter:card\" content=\"summary_large_image\" \/>\n<meta name=\"twitter:site\" content=\"@MakerspaceRein1\" \/>\n<meta name=\"twitter:label1\" content=\"Gesch\u00e4tzte Lesezeit\" \/>\n\t<meta name=\"twitter:data1\" content=\"5\u00a0Minuten\" \/>\n<script type=\"application\/ld+json\" class=\"yoast-schema-graph\">{\"@context\":\"https:\\\/\\\/schema.org\",\"@graph\":[{\"@type\":\"WebPage\",\"@id\":\"https:\\\/\\\/makerspace-reinach.ch\\\/index.php\\\/werkstatt-abmachungen\\\/\",\"url\":\"https:\\\/\\\/makerspace-reinach.ch\\\/index.php\\\/werkstatt-abmachungen\\\/\",\"name\":\"Werkstatt Abmachungen - Makerspace Reinach BL\",\"isPartOf\":{\"@id\":\"https:\\\/\\\/makerspace-reinach.ch\\\/#website\"},\"datePublished\":\"2021-08-18T21:02:13+00:00\",\"dateModified\":\"2025-11-09T15:15:37+00:00\",\"breadcrumb\":{\"@id\":\"https:\\\/\\\/makerspace-reinach.ch\\\/index.php\\\/werkstatt-abmachungen\\\/#breadcrumb\"},\"inLanguage\":\"de\",\"potentialAction\":[{\"@type\":\"ReadAction\",\"target\":[\"https:\\\/\\\/makerspace-reinach.ch\\\/index.php\\\/werkstatt-abmachungen\\\/\"]}]},{\"@type\":\"BreadcrumbList\",\"@id\":\"https:\\\/\\\/makerspace-reinach.ch\\\/index.php\\\/werkstatt-abmachungen\\\/#breadcrumb\",\"itemListElement\":[{\"@type\":\"ListItem\",\"position\":1,\"name\":\"Home\",\"item\":\"https:\\\/\\\/makerspace-reinach.ch\\\/\"},{\"@type\":\"ListItem\",\"position\":2,\"name\":\"Werkstatt Abmachungen\"}]},{\"@type\":\"WebSite\",\"@id\":\"https:\\\/\\\/makerspace-reinach.ch\\\/#website\",\"url\":\"https:\\\/\\\/makerspace-reinach.ch\\\/\",\"name\":\"Makerspace Reinach BL\",\"description\":\"\",\"publisher\":{\"@id\":\"https:\\\/\\\/makerspace-reinach.ch\\\/#organization\"},\"potentialAction\":[{\"@type\":\"SearchAction\",\"target\":{\"@type\":\"EntryPoint\",\"urlTemplate\":\"https:\\\/\\\/makerspace-reinach.ch\\\/?s={search_term_string}\"},\"query-input\":{\"@type\":\"PropertyValueSpecification\",\"valueRequired\":true,\"valueName\":\"search_term_string\"}}],\"inLanguage\":\"de\"},{\"@type\":\"Organization\",\"@id\":\"https:\\\/\\\/makerspace-reinach.ch\\\/#organization\",\"name\":\"Makerspace Reinach\",\"url\":\"https:\\\/\\\/makerspace-reinach.ch\\\/\",\"logo\":{\"@type\":\"ImageObject\",\"inLanguage\":\"de\",\"@id\":\"https:\\\/\\\/makerspace-reinach.ch\\\/#\\\/schema\\\/logo\\\/image\\\/\",\"url\":\"https:\\\/\\\/makerspace-reinach.ch\\\/wp-content\\\/uploads\\\/2020\\\/11\\\/makerspace_reinach_logo_kl.png\",\"contentUrl\":\"https:\\\/\\\/makerspace-reinach.ch\\\/wp-content\\\/uploads\\\/2020\\\/11\\\/makerspace_reinach_logo_kl.png\",\"width\":300,\"height\":300,\"caption\":\"Makerspace Reinach\"},\"image\":{\"@id\":\"https:\\\/\\\/makerspace-reinach.ch\\\/#\\\/schema\\\/logo\\\/image\\\/\"},\"sameAs\":[\"https:\\\/\\\/x.com\\\/MakerspaceRein1\"]}]}<\/script>\n<!-- \/ Yoast SEO plugin. -->","yoast_head_json":{"title":"Werkstatt Abmachungen - Makerspace Reinach BL","robots":{"index":"index","follow":"follow","max-snippet":"max-snippet:-1","max-image-preview":"max-image-preview:large","max-video-preview":"max-video-preview:-1"},"canonical":"https:\/\/makerspace-reinach.ch\/index.php\/werkstatt-abmachungen\/","og_locale":"de_DE","og_type":"article","og_title":"Werkstatt Abmachungen - Makerspace Reinach BL","og_description":"Werkstatt Zugang Sicherheit Sauberkeit &amp; Ordnung Umweltschutz &amp; Entsorgung Verwendungsverbote Systemzugang Materialbezug Maschinenstunden Inventar Respekt Projekte &amp; Spass Freude Stand 8.4.2022","og_url":"https:\/\/makerspace-reinach.ch\/index.php\/werkstatt-abmachungen\/","og_site_name":"Makerspace Reinach BL","article_modified_time":"2025-11-09T15:15:37+00:00","twitter_card":"summary_large_image","twitter_site":"@MakerspaceRein1","twitter_misc":{"Gesch\u00e4tzte Lesezeit":"5\u00a0Minuten"},"schema":{"@context":"https:\/\/schema.org","@graph":[{"@type":"WebPage","@id":"https:\/\/makerspace-reinach.ch\/index.php\/werkstatt-abmachungen\/","url":"https:\/\/makerspace-reinach.ch\/index.php\/werkstatt-abmachungen\/","name":"Werkstatt Abmachungen - Makerspace Reinach BL","isPartOf":{"@id":"https:\/\/makerspace-reinach.ch\/#website"},"datePublished":"2021-08-18T21:02:13+00:00","dateModified":"2025-11-09T15:15:37+00:00","breadcrumb":{"@id":"https:\/\/makerspace-reinach.ch\/index.php\/werkstatt-abmachungen\/#breadcrumb"},"inLanguage":"de","potentialAction":[{"@type":"ReadAction","target":["https:\/\/makerspace-reinach.ch\/index.php\/werkstatt-abmachungen\/"]}]},{"@type":"BreadcrumbList","@id":"https:\/\/makerspace-reinach.ch\/index.php\/werkstatt-abmachungen\/#breadcrumb","itemListElement":[{"@type":"ListItem","position":1,"name":"Home","item":"https:\/\/makerspace-reinach.ch\/"},{"@type":"ListItem","position":2,"name":"Werkstatt Abmachungen"}]},{"@type":"WebSite","@id":"https:\/\/makerspace-reinach.ch\/#website","url":"https:\/\/makerspace-reinach.ch\/","name":"Makerspace Reinach BL","description":"","publisher":{"@id":"https:\/\/makerspace-reinach.ch\/#organization"},"potentialAction":[{"@type":"SearchAction","target":{"@type":"EntryPoint","urlTemplate":"https:\/\/makerspace-reinach.ch\/?s={search_term_string}"},"query-input":{"@type":"PropertyValueSpecification","valueRequired":true,"valueName":"search_term_string"}}],"inLanguage":"de"},{"@type":"Organization","@id":"https:\/\/makerspace-reinach.ch\/#organization","name":"Makerspace Reinach","url":"https:\/\/makerspace-reinach.ch\/","logo":{"@type":"ImageObject","inLanguage":"de","@id":"https:\/\/makerspace-reinach.ch\/#\/schema\/logo\/image\/","url":"https:\/\/makerspace-reinach.ch\/wp-content\/uploads\/2020\/11\/makerspace_reinach_logo_kl.png","contentUrl":"https:\/\/makerspace-reinach.ch\/wp-content\/uploads\/2020\/11\/makerspace_reinach_logo_kl.png","width":300,"height":300,"caption":"Makerspace Reinach"},"image":{"@id":"https:\/\/makerspace-reinach.ch\/#\/schema\/logo\/image\/"},"sameAs":["https:\/\/x.com\/MakerspaceRein1"]}]}},"_links":{"self":[{"href":"https:\/\/makerspace-reinach.ch\/index.php\/wp-json\/wp\/v2\/pages\/392","targetHints":{"allow":["GET"]}}],"collection":[{"href":"https:\/\/makerspace-reinach.ch\/index.php\/wp-json\/wp\/v2\/pages"}],"about":[{"href":"https:\/\/makerspace-reinach.ch\/index.php\/wp-json\/wp\/v2\/types\/page"}],"author":[{"embeddable":true,"href":"https:\/\/makerspace-reinach.ch\/index.php\/wp-json\/wp\/v2\/users\/1"}],"replies":[{"embeddable":true,"href":"https:\/\/makerspace-reinach.ch\/index.php\/wp-json\/wp\/v2\/comments?post=392"}],"version-history":[{"count":3,"href":"https:\/\/makerspace-reinach.ch\/index.php\/wp-json\/wp\/v2\/pages\/392\/revisions"}],"predecessor-version":[{"id":2061,"href":"https:\/\/makerspace-reinach.ch\/index.php\/wp-json\/wp\/v2\/pages\/392\/revisions\/2061"}],"wp:attachment":[{"href":"https:\/\/makerspace-reinach.ch\/index.php\/wp-json\/wp\/v2\/media?parent=392"}],"curies":[{"name":"wp","href":"https:\/\/api.w.org\/{rel}","templated":true}]}}