{"id":319,"date":"2021-08-06T11:54:33","date_gmt":"2021-08-06T11:54:33","guid":{"rendered":"https:\/\/makerspace-reinach.ch\/?page_id=319"},"modified":"2026-02-13T14:38:05","modified_gmt":"2026-02-13T14:38:05","slug":"meetings","status":"publish","type":"page","link":"https:\/\/makerspace-reinach.ch\/index.php\/meetings\/","title":{"rendered":"Meetings"},"content":{"rendered":"\n<p>Hier findest Du Informationen \u00fcber die n\u00e4chsten Daten wo der Makerspace ge\u00f6ffnet ist und wann ein spezielles Meeting\/Event\/Workshop stattfindet.<\/p>\n\n\n\n<p class=\"has-accent-color has-text-color\"><strong>Hier die n\u00e4chsten speziellen Events:<\/strong><\/p>\n\n\n\n<p><\/p>\n\n\n<ul class=\"wp-block-latest-posts__list wp-block-latest-posts\"><li><div class=\"wp-block-latest-posts__featured-image alignleft\"><img loading=\"lazy\" decoding=\"async\" width=\"150\" height=\"150\" src=\"https:\/\/makerspace-reinach.ch\/wp-content\/uploads\/2023\/10\/Makerspace_Repair_Cafe_1-150x150.jpg\" class=\"attachment-thumbnail size-thumbnail wp-post-image\" alt=\"\" style=\"\" \/><\/div><a class=\"wp-block-latest-posts__post-title\" href=\"https:\/\/makerspace-reinach.ch\/index.php\/2026\/03\/20\/repair-cafe-vom-sa-18-april-2026\/\">Repair Caf\u00e9 vom Sa 18. April 2026<\/a><div class=\"wp-block-latest-posts__post-excerpt\">Das wird die 5. Ausgabe des Repair Caf\u00e9s im Makerspace Reinach. In unserem Repair Caf\u00e9 kannst du defekte Ger\u00e4te und Dinge gemeinsam mit freiwilligem Helfer:innen reparieren. Egal ob Spielzeug, Mixer,\u2026\u00a0<a class=\"wp-block-latest-posts__read-more\" href=\"https:\/\/makerspace-reinach.ch\/index.php\/2026\/03\/20\/repair-cafe-vom-sa-18-april-2026\/\" rel=\"noopener noreferrer\"><span class=\"screen-reader-text\">Repair Caf\u00e9 vom Sa 18. April 2026 <\/span>weiterlesen<\/a><\/div><\/li>\n<li><div class=\"wp-block-latest-posts__featured-image alignleft\"><img loading=\"lazy\" decoding=\"async\" width=\"150\" height=\"150\" src=\"https:\/\/makerspace-reinach.ch\/wp-content\/uploads\/2026\/04\/AI-Round-Table-150x150.png\" class=\"attachment-thumbnail size-thumbnail wp-post-image\" alt=\"\" style=\"\" \/><\/div><a class=\"wp-block-latest-posts__post-title\" href=\"https:\/\/makerspace-reinach.ch\/index.php\/2026\/04\/15\/ki-round-table-mittwoch-29-april-20h\/\">KI Round Table Mittwoch 29. April 20h<\/a><div class=\"wp-block-latest-posts__post-excerpt\">Die Entwicklung der k\u00fcnstlichen Intelligenz geht rasant voran, an diesem &#8222;Round Table&#8220; m\u00f6chten wir uns wieder mal gegenseitig austauschen. Themenvorschlag: Alle sind willkommen. Eintritt frei.Anmeldung gew\u00fcnscht => Anmelden.<\/div><\/li>\n<\/ul>\n\n\n<p class=\"has-accent-color has-text-color\"><strong>Hier im Kalender findest Du die n\u00e4chsten Treffen\/Meetings:<\/strong><br>(Meistens treffen wir am Mittwoch und Freitag Abend um 20h.)<\/p>\n\n\n\n<p>Du kannst den Kalender \u00fcber den Link abonnieren: <a href=\"https:\/\/calendar.google.com\/calendar\/ical\/adi3d9nachudg548u35ut63ok0%40group.calendar.google.com\/public\/basic.ics\" target=\"_blank\" rel=\"noreferrer noopener\">Abonnieren<\/a><\/p>\n\n\n\n<div class=\"wp-block-columns alignfull is-layout-flex wp-container-core-columns-is-layout-9d6595d7 wp-block-columns-is-layout-flex\">\n<div class=\"wp-block-column is-layout-flow wp-block-column-is-layout-flow\" style=\"flex-basis:100%\">\n<pre class=\"wp-block-preformatted\"><iframe loading=\"lazy\" src=\"https:\/\/calendar.google.com\/calendar\/embed?src=adi3d9nachudg548u35ut63ok0%40group.calendar.google.com&amp;ctz=Europe%2FZurich\" style=\"border: 0\" scrolling=\"no\" width=\"800\" height=\"600\" frameborder=\"0\"><\/iframe><\/pre>\n<\/div>\n<\/div>\n","protected":false},"excerpt":{"rendered":"<p>Hier findest Du Informationen \u00fcber die n\u00e4chsten Daten wo der Makerspace ge\u00f6ffnet ist und wann ein spezielles Meeting\/Event\/Workshop stattfindet. Hier die n\u00e4chsten speziellen Events: Hier im Kalender findest Du die n\u00e4chsten Treffen\/Meetings:(Meistens treffen wir am Mittwoch und Freitag Abend um 20h.) Du kannst den Kalender \u00fcber den Link abonnieren: Abonnieren<\/p>\n","protected":false},"author":1,"featured_media":0,"parent":0,"menu_order":0,"comment_status":"closed","ping_status":"closed","template":"","meta":{"footnotes":""},"class_list":["post-319","page","type-page","status-publish","hentry"],"yoast_head":"<!-- This site is optimized with the Yoast SEO plugin v27.4 - https:\/\/yoast.com\/product\/yoast-seo-wordpress\/ -->\n<title>Meetings - Makerspace Reinach BL<\/title>\n<meta name=\"robots\" content=\"index, follow, max-snippet:-1, max-image-preview:large, max-video-preview:-1\" \/>\n<link rel=\"canonical\" href=\"https:\/\/makerspace-reinach.ch\/index.php\/meetings\/\" \/>\n<meta property=\"og:locale\" content=\"de_DE\" \/>\n<meta property=\"og:type\" content=\"article\" \/>\n<meta property=\"og:title\" content=\"Meetings - Makerspace Reinach BL\" \/>\n<meta property=\"og:description\" content=\"Hier findest Du Informationen \u00fcber die n\u00e4chsten Daten wo der Makerspace ge\u00f6ffnet ist und wann ein spezielles Meeting\/Event\/Workshop stattfindet. Hier die n\u00e4chsten speziellen Events: Hier im Kalender findest Du die n\u00e4chsten Treffen\/Meetings:(Meistens treffen wir am Mittwoch und Freitag Abend um 20h.) Du kannst den Kalender \u00fcber den Link abonnieren: Abonnieren\" \/>\n<meta property=\"og:url\" content=\"https:\/\/makerspace-reinach.ch\/index.php\/meetings\/\" \/>\n<meta property=\"og:site_name\" content=\"Makerspace Reinach BL\" \/>\n<meta property=\"article:modified_time\" content=\"2026-02-13T14:38:05+00:00\" \/>\n<meta name=\"twitter:card\" content=\"summary_large_image\" \/>\n<meta name=\"twitter:site\" content=\"@MakerspaceRein1\" \/>\n<meta name=\"twitter:label1\" content=\"Gesch\u00e4tzte Lesezeit\" \/>\n\t<meta name=\"twitter:data1\" content=\"1\u00a0Minute\" \/>\n<script type=\"application\/ld+json\" class=\"yoast-schema-graph\">{\"@context\":\"https:\\\/\\\/schema.org\",\"@graph\":[{\"@type\":\"WebPage\",\"@id\":\"https:\\\/\\\/makerspace-reinach.ch\\\/index.php\\\/meetings\\\/\",\"url\":\"https:\\\/\\\/makerspace-reinach.ch\\\/index.php\\\/meetings\\\/\",\"name\":\"Meetings - Makerspace Reinach BL\",\"isPartOf\":{\"@id\":\"https:\\\/\\\/makerspace-reinach.ch\\\/#website\"},\"datePublished\":\"2021-08-06T11:54:33+00:00\",\"dateModified\":\"2026-02-13T14:38:05+00:00\",\"breadcrumb\":{\"@id\":\"https:\\\/\\\/makerspace-reinach.ch\\\/index.php\\\/meetings\\\/#breadcrumb\"},\"inLanguage\":\"de\",\"potentialAction\":[{\"@type\":\"ReadAction\",\"target\":[\"https:\\\/\\\/makerspace-reinach.ch\\\/index.php\\\/meetings\\\/\"]}]},{\"@type\":\"BreadcrumbList\",\"@id\":\"https:\\\/\\\/makerspace-reinach.ch\\\/index.php\\\/meetings\\\/#breadcrumb\",\"itemListElement\":[{\"@type\":\"ListItem\",\"position\":1,\"name\":\"Home\",\"item\":\"https:\\\/\\\/makerspace-reinach.ch\\\/\"},{\"@type\":\"ListItem\",\"position\":2,\"name\":\"Meetings\"}]},{\"@type\":\"WebSite\",\"@id\":\"https:\\\/\\\/makerspace-reinach.ch\\\/#website\",\"url\":\"https:\\\/\\\/makerspace-reinach.ch\\\/\",\"name\":\"Makerspace Reinach BL\",\"description\":\"\",\"publisher\":{\"@id\":\"https:\\\/\\\/makerspace-reinach.ch\\\/#organization\"},\"potentialAction\":[{\"@type\":\"SearchAction\",\"target\":{\"@type\":\"EntryPoint\",\"urlTemplate\":\"https:\\\/\\\/makerspace-reinach.ch\\\/?s={search_term_string}\"},\"query-input\":{\"@type\":\"PropertyValueSpecification\",\"valueRequired\":true,\"valueName\":\"search_term_string\"}}],\"inLanguage\":\"de\"},{\"@type\":\"Organization\",\"@id\":\"https:\\\/\\\/makerspace-reinach.ch\\\/#organization\",\"name\":\"Makerspace Reinach\",\"url\":\"https:\\\/\\\/makerspace-reinach.ch\\\/\",\"logo\":{\"@type\":\"ImageObject\",\"inLanguage\":\"de\",\"@id\":\"https:\\\/\\\/makerspace-reinach.ch\\\/#\\\/schema\\\/logo\\\/image\\\/\",\"url\":\"https:\\\/\\\/makerspace-reinach.ch\\\/wp-content\\\/uploads\\\/2020\\\/11\\\/makerspace_reinach_logo_kl.png\",\"contentUrl\":\"https:\\\/\\\/makerspace-reinach.ch\\\/wp-content\\\/uploads\\\/2020\\\/11\\\/makerspace_reinach_logo_kl.png\",\"width\":300,\"height\":300,\"caption\":\"Makerspace Reinach\"},\"image\":{\"@id\":\"https:\\\/\\\/makerspace-reinach.ch\\\/#\\\/schema\\\/logo\\\/image\\\/\"},\"sameAs\":[\"https:\\\/\\\/x.com\\\/MakerspaceRein1\"]}]}<\/script>\n<!-- \/ Yoast SEO plugin. -->","yoast_head_json":{"title":"Meetings - Makerspace Reinach BL","robots":{"index":"index","follow":"follow","max-snippet":"max-snippet:-1","max-image-preview":"max-image-preview:large","max-video-preview":"max-video-preview:-1"},"canonical":"https:\/\/makerspace-reinach.ch\/index.php\/meetings\/","og_locale":"de_DE","og_type":"article","og_title":"Meetings - Makerspace Reinach BL","og_description":"Hier findest Du Informationen \u00fcber die n\u00e4chsten Daten wo der Makerspace ge\u00f6ffnet ist und wann ein spezielles Meeting\/Event\/Workshop stattfindet. Hier die n\u00e4chsten speziellen Events: Hier im Kalender findest Du die n\u00e4chsten Treffen\/Meetings:(Meistens treffen wir am Mittwoch und Freitag Abend um 20h.) Du kannst den Kalender \u00fcber den Link abonnieren: Abonnieren","og_url":"https:\/\/makerspace-reinach.ch\/index.php\/meetings\/","og_site_name":"Makerspace Reinach BL","article_modified_time":"2026-02-13T14:38:05+00:00","twitter_card":"summary_large_image","twitter_site":"@MakerspaceRein1","twitter_misc":{"Gesch\u00e4tzte Lesezeit":"1\u00a0Minute"},"schema":{"@context":"https:\/\/schema.org","@graph":[{"@type":"WebPage","@id":"https:\/\/makerspace-reinach.ch\/index.php\/meetings\/","url":"https:\/\/makerspace-reinach.ch\/index.php\/meetings\/","name":"Meetings - Makerspace Reinach BL","isPartOf":{"@id":"https:\/\/makerspace-reinach.ch\/#website"},"datePublished":"2021-08-06T11:54:33+00:00","dateModified":"2026-02-13T14:38:05+00:00","breadcrumb":{"@id":"https:\/\/makerspace-reinach.ch\/index.php\/meetings\/#breadcrumb"},"inLanguage":"de","potentialAction":[{"@type":"ReadAction","target":["https:\/\/makerspace-reinach.ch\/index.php\/meetings\/"]}]},{"@type":"BreadcrumbList","@id":"https:\/\/makerspace-reinach.ch\/index.php\/meetings\/#breadcrumb","itemListElement":[{"@type":"ListItem","position":1,"name":"Home","item":"https:\/\/makerspace-reinach.ch\/"},{"@type":"ListItem","position":2,"name":"Meetings"}]},{"@type":"WebSite","@id":"https:\/\/makerspace-reinach.ch\/#website","url":"https:\/\/makerspace-reinach.ch\/","name":"Makerspace Reinach BL","description":"","publisher":{"@id":"https:\/\/makerspace-reinach.ch\/#organization"},"potentialAction":[{"@type":"SearchAction","target":{"@type":"EntryPoint","urlTemplate":"https:\/\/makerspace-reinach.ch\/?s={search_term_string}"},"query-input":{"@type":"PropertyValueSpecification","valueRequired":true,"valueName":"search_term_string"}}],"inLanguage":"de"},{"@type":"Organization","@id":"https:\/\/makerspace-reinach.ch\/#organization","name":"Makerspace Reinach","url":"https:\/\/makerspace-reinach.ch\/","logo":{"@type":"ImageObject","inLanguage":"de","@id":"https:\/\/makerspace-reinach.ch\/#\/schema\/logo\/image\/","url":"https:\/\/makerspace-reinach.ch\/wp-content\/uploads\/2020\/11\/makerspace_reinach_logo_kl.png","contentUrl":"https:\/\/makerspace-reinach.ch\/wp-content\/uploads\/2020\/11\/makerspace_reinach_logo_kl.png","width":300,"height":300,"caption":"Makerspace Reinach"},"image":{"@id":"https:\/\/makerspace-reinach.ch\/#\/schema\/logo\/image\/"},"sameAs":["https:\/\/x.com\/MakerspaceRein1"]}]}},"_links":{"self":[{"href":"https:\/\/makerspace-reinach.ch\/index.php\/wp-json\/wp\/v2\/pages\/319","targetHints":{"allow":["GET"]}}],"collection":[{"href":"https:\/\/makerspace-reinach.ch\/index.php\/wp-json\/wp\/v2\/pages"}],"about":[{"href":"https:\/\/makerspace-reinach.ch\/index.php\/wp-json\/wp\/v2\/types\/page"}],"author":[{"embeddable":true,"href":"https:\/\/makerspace-reinach.ch\/index.php\/wp-json\/wp\/v2\/users\/1"}],"replies":[{"embeddable":true,"href":"https:\/\/makerspace-reinach.ch\/index.php\/wp-json\/wp\/v2\/comments?post=319"}],"version-history":[{"count":34,"href":"https:\/\/makerspace-reinach.ch\/index.php\/wp-json\/wp\/v2\/pages\/319\/revisions"}],"predecessor-version":[{"id":2109,"href":"https:\/\/makerspace-reinach.ch\/index.php\/wp-json\/wp\/v2\/pages\/319\/revisions\/2109"}],"wp:attachment":[{"href":"https:\/\/makerspace-reinach.ch\/index.php\/wp-json\/wp\/v2\/media?parent=319"}],"curies":[{"name":"wp","href":"https:\/\/api.w.org\/{rel}","templated":true}]}}